 What is v(-16)?
-60
Let w(p) = 2*p**2 - 7*p - 1. Give w(-6).
113
Let b(s) = 5*s - 5. Give b(4).
15
Let v(f) = f**3 + 8*f**2 - f + 66. What is v(-9)?
-6
Let s(q) = -20*q - 263. What is s(-12)?
-23
Let h(u) = u**3 + 6*u**2 + 5*u + 1. Give h(-4).
13
Let g(p) = 3*p**2 + 23*p + 9. Determine g(-7).
-5
Let j(i) = i**2 + 5*i + 27. Give j(-5).
27
Let c(s) = s**3 - 8*s**2 - 32*s - 24. Give c(12).
168
Let d(m) = -8*m**3 + m. Determine d(-1).
7
Let z(a) = 9*a. Calculate z(-4).
-36
Let j(u) = -u**2 - 11*u + 75. What is j(-18)?
-51
Let z(j) = -3*j - 33. Give z(-10).
-3
Let s(o) = -13*o**2 + 6*o - 1. Calculate s(2).
-41
Let b(q) = 18*q**2 + 2*q + 1. What is b(-1)?
17
Let g(k) = -2*k**2 - 6*k - 4. Determine g(-7).
-60
Let h(j) = 22*j**3 + 1. Give h(1).
23
Let b(q) = -9*q + 1. Determine b(-7).
64
Let c(j) = j**3 + 4*j**2 + 3*j + 1. What is c(-3)?
1
Let a(v) = 3*v - 4. Calculate a(-2).
-10
Let c(z) = z**2 + 21*z + 11. Determine c(-21).
11
Let t(c) = 2*c**3 + 22*c**2 - c - 15. Determine t(-11).
-4
Let p(h) = -h**3 - 49*h**2 - 97*h - 156. Calculate p(-47).
-15
Let h(z) = z**3 + 6*z**2 - 4*z. Give h(-4).
48
Let a(p) = -p**2 - 5*p + 4. Calculate a(0).
4
Let n(s) = -5*s - 19. What is n(-8)?
21
Let y(b) = b**2 - 32*b - 316. What is y(-8)?
4
Let h(w) = -6*w**3 - 5*w**2 + 6*w - 3. Determine h(2).
-59
Let f(a) = -a**2 - 21*a - 26. Calculate f(-10).
84
Let s(g) = 25*g - 81. Calculate s(3).
-6
Let l(o) = o**2 - 13*o - 33. Determine l(15).
-3
Let x(p) = -p**3 + 7*p**2 - 9*p + 7. Calculate x(6).
-11
Let a(l) = l**2 - 11*l - 3. Determine a(11).
-3
Let r(u) = 12*u - 114. Determine r(10).
6
Let q(l) = -11*l - 127. Calculate q(-11).
-6
Let d(c) = c - 10. Calculate d(10).
0
Let l(i) = -3*i**2 - i. Calculate l(2).
-14
Let i(p) = p**2 - 14*p - 14. Calculate i(14).
-14
Let f(d) = 10*d - 174. Determine f(19).
16
Let r(l) = -l**2 + 10*l - 8. Calculate r(5).
17
Let z(g) = -2*g**2 + 2*g + 7. Give z(6).
-53
Let l(w) = -16*w + 61. What is l(3)?
13
Let b(h) = -7*h - 275. Calculate b(-39).
-2
Let z(i) = i**3 - 7*i**2 - 9*i - 1. Give z(8).
-9
Let y(x) = -x**2 + 9*x + 27. Give y(11).
5
Let k(o) = -o**2 + 113*o - 1117. Determine k(11).
5
Let t(w) = -4*w - 3. Determine t(-2).
5
Let r(u) = -u**3 - 5*u**2 + 26*u + 28. Calculate r(-8).
12
Let i(v) = v**2 + 8*v - 3. What is i(-9)?
6
Let w(d) = -d**3 + 6*d**2 - d - 18. What is w(5)?
2
Let y(n) = n**2 - 5*n + 2. Determine y(2).
-4
Let c(i) = 4*i + 5. Give c(-3).
-7
Let j(c) = c**3 - c**2 + c - 11. Give j(0).
-11
Let i(c) = c**2 - 3*c - 14. Determine i(-8).
74
Let z(n) = -n**3 - 5*n**2 + 5*n - 1. Calculate z(-6).
5
Let w(m) = 34*m + 3. Determine w(-1).
-31
Let c(u) = u**3 + 10*u - 13. What is c(2)?
15
Let p(u) = -2*u**3 - 35*u**2 + 21*u + 46. What is p(-18)?
-8
Let z(v) = -v**2 - 51*v - 138. Give z(-48).
6
Let k(n) = 5*n - 188. Determine k(38).
2
Let u(d) = -d**3 + 11*d**2 - 26*d - 2. Calculate u(6).
22
Let o(c) = -11*c. Give o(1).
-11
Let x(c) = 26*c - 2. Calculate x(-3).
-80
Let i(b) = -b**3 + 8*b**2 - 6*b + 3. What is i(7)?
10
Let k(y) = 2*y - 1. Calculate k(-10).
-21
Let q(w) = w**3 - 11*w**2 + 2*w - 18. Give q(11).
4
Let k(x) = -2*x**2 - 6*x - 1. Determine k(-4).
-9
Let d(s) = s**3 + 7*s**2 + 2*s - 7. Determine d(-6).
17
Let z(y) = -4*y + 2. Determine z(5).
-18
Let w(f) = -f**3 + 6*f**2 + 3*f + 7. Give w(6).
25
Let m(t) = -t**3 - 7*t**2 + 10*t - 11. Give m(-8).
-27
Let p(b) = -b + 7. Give p(0).
7
Let c(z) = -7*z + 8. Calculate c(-10).
78
Let q(d) = d**2 - 21*d - 398. What is q(33)?
-2
Let s(v) = v**3 - 2*v**2 - v - 10. What is s(3)?
-4
Let f(w) = -3*w**2 - 21*w - 11. Calculate f(-8).
-35
Let a(h) = h**2 + 20*h - 28. Give a(-21).
-7
Let z(i) = 6*i + 1. Give z(8).
49
Let p(s) = -88*s - 529. Give p(-6).
-1
Let z(g) = g**3 + 21*g**2 + 82*g + 35. Give z(-16).
3
Let g(b) = 14*b - 65. Calculate g(4).
-9
Let z(b) = -b**3 - 4*b**2 - b + 2. Give z(-3).
-4
Let w(b) = 4*b**2 - 9*b + 2. Give w(6).
92
Let b(p) = 2*p - 1. Determine b(14).
27
Let s(o) = -12*o - 98. Calculate s(-8).
-2
Let o(a) = -a**3 + 8*a**2 + 10*a - 5. What is o(9)?
4
Let x(p) = -6*p**3 + 2*p**2 - 6*p + 8. Give x(2).
-44
Let z(p) = p**3 + 4*p**2 + 9*p + 20. Calculate z(-3).
2
Let f(r) = 6*r + 17. Determine f(-2).
5
Let i(g) = -g**3 + 4*g**2 + 14*g - 13. Give i(6).
-1
Let v(i) = i**3 - 13*i**2 - 13*i - 32. Determine v(14).
-18
Let g(j) = -j**2 - 18*j - 12. Determine g(-14).
44
Let t(n) = 4*n + 10. Determine t(-3).
-2
Let o(f) = f**2 - 5*f + 1. What is o(3)?
-5
Let z(v) = v**2 + 2. Calculate z(-3).
11
Let i(q) = -q - 18. Give i(-10).
-8
Let u(m) = -8*m - 5. What is u(-3)?
19
Let p(k) = 2*k**2 - 6*k + 8. What is p(3)?
8
Let x(y) = -y**2 + 8*y - 11. What is x(8)?
-11
Let i(x) = 8*x - 6. Determine i(-4).
-38
Let h(u) = -6*u - 2. What is h(-5)?
28
Let r(t) = -t**3 - 8*t**2 - 2*t + 30. What is r(-7)?
-5
Let s(f) = -2*f + 3. Calculate s(8).
-13
Let u(g) = 41*g**3 + g. Determine u(1).
42
Let y(p) = 6*p**3 - p**2 - p - 1. Calculate y(-1).
-7
Let p(i) = -i**2 + 10*i + 1. What is p(5)?
26
Let z(x) = 2*x + 2. Calculate z(11).
24
Let u(z) = 2*z**2 + 5*z - 4. What is u(3)?
29
Let p(z) = -4*z + 25. What is p(5)?
5
Let v(b) = -b**3 - b**2 + 6*b - 6. Calculate v(3).
-24
Let j(d) = -d + 9. What is j(5)?
4
Let c(f) = f - 38. Calculate c(16).
-22
Let s(k) = 99*k - 191. What is s(2)?
7
Let o(g) = -4*g + 42. Determine o(14).
-14
Let a(b) = 2*b**3 + 3*b**2 - 3*b + 3. Calculate a(2).
25
Let z(o) = o**2 + 11*o. Give z(-10).
-10
Let z(s) = s**2 - 11*s + 18. What is z(9)?
0
Let l(z) = z**3 + 9*z**2 - 8*z - 9. What is l(-10)?
-29
Let l(d) = 26*d - 580. What is l(22)?
-8
Let f(o) = 11*o - 83. Give f(15).
82
Let m(o) = o**3 + 5*o**2 + o - 2. Calculate m(-4).
10
Let h(k) = -2*k**2 + 5*k - 5. Give h(3).
-8
Let b(r) = 3*r - 17. Calculate b(6).
1
Let x(c) = -24*c**2 + c - 1. What is x(2)?
-95
Let k(n) = 8*n - 30. Give k(-6).
-78
Let d(i) = i**2 - 14*i + 16. Calculate d(12).
-8
Let s(q) = 4*q - 102. Give s(24).
-6
Let r(o) = -17*o - 75. Determine r(-5).
10
Let n(b) = 6*b - 3. What is n(2)?
9
Let m(q) = q**2 + 31*q + 210. What is m(-20)?
-10
Let r(b) = -b**2 - 24*b + 87. Determine r(-27).
6
Let z(g) = -g**2 - 9*g - 8. Give z(-6).
10
Let n(o) = o**2 - 17*o + 41. Calculate n(14).
-1
Let o(u) = -2*u + 43. Determine o(9).
25
Let c(v) = v**2 - v - 10. Give c(0).
-10
Let p(u) = 3*u + 10. Determine p(-5).
-5
Let s(k) = k - 3. What is s(-8)?
-11
Let z(k) = k**3 + 2*k - 53. Calculate z(0).
-53
Let j(p) = p**3 + 8*p**2 + 5*p + 13. What is j(-7)?
27
Let v(h) = -3*h - 2. Calculate v(-4).
10
Let j(v) = -v**3 + 3*v**2 + 4*v - 6. Give j(4).
-6
Let w(r) = r - 10. Calculate w(12).
2
Let l(u) = -u**2 - 7*u - 13. What is l(-5)?
-3
Let t(k) = 15*k**2 + 6*k - 6. Determine t(1).
15
Let g(o) = 25*o + 156. Determine g(-6).
6
Let y(a) = -a**3 - 13*a**2 + 5. Determine y(-13).
5
Let f(h) = 2*h - 30. What is f(15)?
0
Let t(n) = 3*n**2 - 31*n + 11. Give t(10).
1
Let w(j) = 11*j + 11. Give w(-2).
-11
Let n(c) = c**2 + 2*c - 9. What is n(-6)?
15
Let u(h) = 10*h**2 - 61*h + 13. What is u(6)?
7
Let h(s) = -s**3 - 15*s**2 - s + 9. What is h(-15)?
24
Let i(k) = 2*k**3 - 43*k**2 - 25*k + 8. Determine i(22).
-58
Let z(d) = 2*d**3 - 4*d**2 - d + 2. Determine z(2).
0
Let g(t) = -t - 1. Determine g(-9).
8
Let z(g) = 6*g**3 + g**2 - 3*g - 3. Calculate z(-2).
-41
Let c(h) = -4*h - 30. Give c(-7).
-2
Let p(w) = w**2 + 15*w - 11. Calculate p(-11).
-55
Let k(a) = a**3 + 16*a**2 + 4*a + 64. What is k(-16)?
0
Let d(r) = r - 4. Determine d(0).
-4
Let p(o) = o + 8. Calculate p(-11).
-3
Let c(r) = 6*r - 91. What is c(11)?
-25
Let q(w) = 2*w**2 + 58*w - 3. Determine q(-29).
-3
Let x(p) = -7*p**2 + 4*p + 1. What is x(-3)?
-74
Let x(b) = 3*b - 10. Give x(4).
2
Let s(j) = j**3 + 8*j**2 - 2*j - 10. Determine s(-8).
6
Let q(m) = -m**2 - 2*m + 22. What is q(-6)?
-2
Let q(b) = -b**2 + 15*b + 49. Give q(-3).
-5
Let j(m) = 51*m - 1. What is j(-1)?
-52
Let z(a) = a**3 - 18*a**2 - 10. Give z(18).
-10
Let a(u) = 2*u + 15. Calculate a(-12).
-9
Let p(i) = -37*i + 170. Determine p(5).
-15
Let s(y) = -44*y - 41. Calculate s(-1).
3
Let c(b) = -b**3 - 8*b**2 - 25*b - 47. What is c(-5)?
3
Let q(u) = -27*u + 81. Calculate q(3).
0
Let i(v) = -8*v - 29. Give i(-10).
51
Let j(o) = -o**3 + 2*o + 1. Give j(-2).
5
Let w(q) = q**3 - 4*q**2 - 3*q - 8. Determine w(5).
2
Let a(f) = -4*f - 82. Calculat